{"id":8,"date":"2019-05-28T16:15:58","date_gmt":"2019-05-28T19:15:58","guid":{"rendered":"http:\/\/www.leones-sa.com\/?page_id=8"},"modified":"2019-05-28T16:15:58","modified_gmt":"2019-05-28T19:15:58","slug":"terminos-y-condiciones","status":"publish","type":"page","link":"http:\/\/www.leones-sa.com\/index.php\/terminos-y-condiciones\/","title":{"rendered":"T\u00e9rminos y Condiciones"},"content":{"rendered":"<p>Leones de Bleek S.A.A. y C. no se responsabiliza por los da\u00f1os y perjuicios que pudiera ocasionar la informaci\u00f3n contenida en el Sitio, o la de otros sitios web a los que se accede mediante hiperv\u00ednculos ubicados en el sitio (enlace que se ofrece dentro de nuestro sitio al sitio web de un tercero \u2013 link -).<\/p>\n<p>La informaci\u00f3n suministrada por el sitio ha sido obtenida de fuentes consideradas confiables, no obstante, tal informaci\u00f3n no ha sido verificada por Leones de Bleek S.A.A. y C. por lo que no se puede garantizar la absoluta confiabilidad y certeza de la informaci\u00f3n. Atento ello es que Leones de Bleek S.A.A. y C. no garantiza la exactitud, veracidad, confiabilidad, actualizaci\u00f3n, ni la integridad de todo o parte de la informaci\u00f3n contenida en el sitio, ni que dicha informaci\u00f3n no haya sido alterada o modificada, en todo o en parte, luego de haber sido incluida en el sitio, ni cualquier otro aspecto o caracter\u00edstica de la Informaci\u00f3n brindada a trav\u00e9s del sitio o a trav\u00e9s de los enlaces eventualmente incluidos en el mismo.<\/p>\n<p>La informaci\u00f3n y este sitio no constituyen una oferta, invitaci\u00f3n o solicitud para que usted compre o suscriba valores u otros instrumentos, ni para que decida o modifique inversiones.<\/p>\n","protected":false},"excerpt":{"rendered":"<p>Leones de Bleek S.A.A. y C. no se responsabiliza por los da\u00f1os y perjuicios que pudiera ocasionar la informaci\u00f3n contenida en el Sitio, o la&hellip;<\/p>\n","protected":false},"author":4,"featured_media":0,"parent":0,"menu_order":0,"comment_status":"closed","ping_status":"closed","template":"","meta":{"footnotes":""},"class_list":["post-8","page","type-page","status-publish","hentry"],"_links":{"self":[{"href":"http:\/\/www.leones-sa.com\/index.php\/wp-json\/wp\/v2\/pages\/8","targetHints":{"allow":["GET"]}}],"collection":[{"href":"http:\/\/www.leones-sa.com\/index.php\/wp-json\/wp\/v2\/pages"}],"about":[{"href":"http:\/\/www.leones-sa.com\/index.php\/wp-json\/wp\/v2\/types\/page"}],"author":[{"embeddable":true,"href":"http:\/\/www.leones-sa.com\/index.php\/wp-json\/wp\/v2\/users\/4"}],"replies":[{"embeddable":true,"href":"http:\/\/www.leones-sa.com\/index.php\/wp-json\/wp\/v2\/comments?post=8"}],"version-history":[{"count":1,"href":"http:\/\/www.leones-sa.com\/index.php\/wp-json\/wp\/v2\/pages\/8\/revisions"}],"predecessor-version":[{"id":9,"href":"http:\/\/www.leones-sa.com\/index.php\/wp-json\/wp\/v2\/pages\/8\/revisions\/9"}],"wp:attachment":[{"href":"http:\/\/www.leones-sa.com\/index.php\/wp-json\/wp\/v2\/media?parent=8"}],"curies":[{"name":"wp","href":"https:\/\/api.w.org\/{rel}","templated":true}]}}